 -4 + (0 - 0 - (-6 - 2)).
4
What is 5 + 0 - 4 - 4?
-3
What is the value of (-3 - -3) + -8 + 7 - -3?
2
What is -2 - (-6 - 0 - -6)?
-2
What is -3 - -1 - -7 - (11 + -8)?
2
Calculate 0 + 1 + -1 + 3.
3
Calculate 0 + -4 - 0 - (-2 - 0).
-2
Calculate -6 + (6 - 1) + -2.
-3
1 + -5 + 6 + (-9 - -3)
-4
Calculate 0 + 0 - (-10 - (4 - 14)).
0
Calculate -2 - -3 - (-10 - -7).
4
Evaluate (1 - 1) + (-1 + 0 - -3).
2
-14 - (-5 + 12 - 13)
-8
What is -1 + 1 + 6 - 0 - 2?
4
What is the value of (8 - 0) + (-10 - -5)?
3
What is the value of (-12 - -2) + 17 + -2?
5
What is -1 - -4 - -2 - 0?
5
0 + 3 + -6 + 2 + 0
-1
Evaluate -14 - -11 - 2 - -3.
-2
What is the value of (-1 + -3 - 3) + (4 - 2)?
-5
Evaluate (-3 - -5) + -1 + 8.
9
What is the value of 1 - (2 - (3 - 1))?
1
What is -4 + (-10 - (-13 + 0))?
-1
What is the value of (5 - 2) + (-4 + 2 - -1)?
2
What is the value of 1 + 10 + -8 + -5 + 8?
6
Evaluate -62 + 63 + (1 - 4).
-2
What is -4 + 4 - (1 + 1)?
-2
(-1 - -4) + (-4 - 6)
-7
Calculate -2 + -3 - (0 - (1 - -1)).
-3
What is 11 + -11 + (-3 - 1)?
-4
Evaluate -11 + 1 + 1 - (12 + -16).
-5
0 - (0 - (-6 - (0 - 3)))
-3
Calculate 71 - 75 - (-3 - (2 - 0)).
1
Evaluate 10 + 4 + -7 - 4.
3
What is -1 + (3 - (-5 + 3 + 1))?
3
What is (-4 + 5 - 5) + 5?
1
Evaluate 0 - (3 + -5 + 1 + 6).
-5
What is the value of -5 + (5 + -10 - -6) + -1?
-5
14 + (-6 + 5 - 9)
4
Evaluate (-2 - -2) + 4 + -7.
-3
-12 - 0 - (-5 + (16 - 17))
-6
What is (-2 - -2) + (4 + -4 - 1)?
-1
What is -5 - ((0 - 8) + 6)?
-3
What is the value of 6 - (4 + 0 - -2) - 3?
-3
Calculate 6 - (2 + -1 - -3).
2
What is the value of -3 + (-2 - -1) + (5 - -1)?
2
Calculate 22 + -28 - (-3 + 1).
-4
3 + (-4 - (-10 + 4))
5
What is the value of (4 - 1) + -6 + (1 - 3)?
-5
What is the value of 6 - 1 - (0 + -1 + 5)?
1
Calculate (32 + -20 - (1 - -7)) + 3.
7
What is 2 + 3 + -4 - 4 - 1?
-4
Evaluate 4 - (-4 - (-8 + 1)).
1
Evaluate 2 - ((0 - 13) + 13).
2
What is the value of 4 + (-4 - -3) + -2?
1
Evaluate (0 - -5) + -11 + 11.
5
Evaluate 1 - -4 - (-2 - -6).
1
What is 130 - 143 - (-7 + 1)?
-7
What is -4 + 4 - (17 + -13)?
-4
What is -22 + 25 + 2 + -1?
4
Evaluate 6 + -2 + 11 + -10.
5
What is 10 + (6 - 3) + (-53 - -48)?
8
3 - (2 + 1 - (2 - 5))
-3
Calculate (-1 - -2 - -3) + (-16 - -17).
5
1 + (5 - 7) + 2 + -1
0
What is the value of 15 - 8 - (15 - 8)?
0
What is 2 + -1 + -1 - (12 + -7)?
-5
-5 - (1 - (6 - 5))
-5
Evaluate 18 + (-5 - 10 - -5).
8
0 - -1 - (3 - 9 - -3)
4
What is the value of (12 + -24 - -9) + 1 + 4?
2
5 - 6 - (4 - 1)
-4
What is the value of (-3 - (11 - 6)) + 12?
4
23 + -36 + -2 + 12
-3
Calculate 1 - 1 - (-6 - (-8 - -2)).
0
What is the value of 6 + (-5 - -9 - 4) - 9?
-3
What is 20 + -7 - 8 - 10?
-5
Evaluate 0 - 7 - (-14 + 6 + 8).
-7
What is 4 - 2 - -6 - 3?
5
What is the value of 1 + 6 - (12 + 3)?
-8
What is 1 - (-1 + 2 + 1 + -5)?
4
(-1 - (0 + (-2 - -2))) + 0
-1
(0 - 1) + (113 - 119)
-7
What is the value of 0 - (0 - -2 - 6)?
4
-3 + ((-4 - -3) + -4 - -5)
-3
What is the value of (-2 + -2 - -3) + 4 + -3?
0
Evaluate 5 + (13 + -4 - 7).
7
What is (1 - 2) + 4 + (-164 - -157)?
-4
What is the value of -4 - (-2 + 5 + -3 + -1)?
-3
-57 + 52 - (1 + -6)
0
Calculate 1 + (-4 - -1) - -5 - 2.
1
Evaluate -27 + 23 - (-1 + -3).
0
What is -2 + -2 - (-10 - -10)?
-4
(12 - 20 - 3) + 7
-4
What is -4 + 3 - (-7 + 2) - -1?
5
What is the value of 0 + 2 + (-8 - -10)?
4
-10 - (-15 - -8) - (0 - -4)
-7
Evaluate -11 + (-1 - -5 - 2).
-9
Evaluate -5 - (-3 + 0) - (0 + -2).
0
Calculate -1 + -4 + 0 + 3.
-2
What is 0 - (-9 + 16 - (-6 + 18))?
5
What is (1 - -6) + (19 - 19) + -4?
3
Evaluate 0 + 6 + -2 + -2.
2
What is the value of 4 + -10 + (-6 - -9)?
-3
What is the value of 8 + ((-7 - -13) + -9 - 1)?
4
-1 - (34 + -37 + (0 - 1))
3
What is the value of -1 - -7 - (-7 - -18 - 7)?
2
What is (2 + -2 - (-7 + 5)) + 1?
3
1 - (6 - 7) - (9 - 2)
-5
What is the value of 5 - (5 - 2) - (-3 - 0)?
5
Evaluate 1 - ((1 - -2) + 2).
-4
What is 1 - -1 - (1 + -1 + -1)?
3
Evaluate 4 - (-7 - -6) - 5.
0
What is -2 - (0 + -3 + -3 - -9)?
-5
What is the value of -15 + -2 - -13 - -10?
6
-3 - (-12 - -6) - -8 - 0
11
What is the value of 8 - -5 - (3 + -4 - -6)?
8
What is the value of 2 + (-15 - (-6 + (3 - 3)))?
-7
What is the value of 1 + 1 - 2 - (99 - 89)?
-10
Evaluate (42 - 45) + 3 + -1.
-1
What is (-1 - (0 - 2)) + -26 + 22?
-3
(-1 - -8) + (-7 - -2)
2
Evaluate (4 + -6 - (-7 - 1)) + -3.
3
Evaluate 5 - (3 + -9 - -10).
1
Evaluate (314 - 307) + (0 + -4 - 0).
3
What is 9 - (-3 + (7 - 4) - -3)?
6
Evaluate 2 + -8 + 0 + 3 + 0.
-3
What is the value of -5 + 7 + (-4 - 0) - 1?
-3
Evaluate 9 + (-13 - (0 + -1)).
-3
What is the value of -15 + 11 + (3 - -1 - -2)?
2
5 + -3 + -4 - (-7 - -9)
-4
Calculate -2 - (-2 + -1 - (5 + -4)).
2
What is -1 - 2 - (2 + 1)?
-6
Calculate 0 + 1 + (32 - 24) + -9.
0
Calculate -5 - (3 + (-1 + 7 - 3)).
-11
What is the value of -8 + 0 + 7 + -8 + 5?
-4
Calculate 11 + -12 + 5 - 3.
1
What is the value of (-22 - -5 - -14) + 3 + 0?
0
Calculate -1 + (-3 - -5 - 7).
-6
-2 - (-3 - (-2 - -4)) - 3
0
Calculate 8 + -1 + -79 + 75.
3
What is 2 + -1 + (6 + -6 - -1)?
2
What is -1 + (3 - (3 + 0 + -3))?
2
Calculate 4 + (2 - 1 - 0).
5
(13 - 6 - 1) + -5
1
Calculate -3 + (3 - 0) + -4.
-4
What is -18 + 15 - (2 - 4)?
-1
What is the value of (-5 - (-6 + -5)) + -5?
1
Calculate -3 + (3 - 1) - (3 - 2).
-2
What is -1 + 13 + -4 - 15?
-7
What is the value of -1 - -2 - (0 + 5)?
-4
What is the value of 1 + -4 + -2 + 4 - 2?
-3
Calculate 0 + (4 - (5 + -1)).
0
What is the value of -3 - -10 - (0 + 4)?
3
What is (5 - (11 - 4)) + (1 - 2)?
-3
What is the value of 2 - (2 + 3 + -4)?
1
Calculate (4 - -1) + -18 + 16.
3
Calculate 1 - (-1 + -3 + 2).
3
Calculate 2 + -9 + 0 + 4.
-3
What is the value of 6 - (11 + (-1 - 0))?
-4
What is the value of -6 - (0 - (6 + (0 - 4)))?
-4
Calculate -4 - (-2 + -4 - 0) - 1.
1
What is the value of 1 + 0 + (-9 - (-1 + -3))?
-4
What is the value of -19 - -19 - (1 - (-2 - -1))?
-2
Evaluate (-9 - -5) + 9 + (-2 - 0).
3
What is the value of -2 + -3 + (0 - -2) + 5?
2
What is the value of 0 + -4 - (-8 + -2)?
6
What is the value of -3 + 3 - (1 + (4 - 2))?
-3
147 + -139 + (1 - 2)
7
-5 - (5 - (2 - 2 - -10))
0
6 - (1 + 4 + -3) - 4
0
Calculate (-10 - 0) + 7 - -11.
8
What is the value of 17 + 13 + (-6 - 20)?
4
Evaluate (1 - (-7 - -3)) + (1 - 1).
5
Calculate 0 + (-10 - -8) + -1 + -1.
-4
Evaluate -8 - (-8 - (4 + -6)).
-2
What is the value of (-3 - -2 - 0) + -1?
-2
Calculate -7 + 9 + (2 - 3).
1
What is 8 - (7 + (2 - 9 - -2))?
6
Evaluate -20 + 22 + -1 + 3.
4
Evaluate (-5 - (5 - 8 - 2)) + -4.
-4
What is 5 - 1 - (-3 - -2)?
5
Calculate -2 + -2 - 1 - (-1 + -2).
-2
Evaluate 0 + -1 + 6 + -1.
4
What is the value of (10 - (-10 - -11)) + -7?
2
Evaluate 9 + (-18 - -4) + 1.
-4
Evaluate -3 + -1 + -1 + 7 - 3.
-1
Calculate -6 + -8 + 17 + -5.
-2
What is the value of -9 - (-2 - (8 - 5))?
-4
What is -87 - -80 - (0 - -1 - 14)?
6
11 - 1 - (68 + -65)
7
Evaluate -1 + -3 - (0 - -1).
-5
Calculate 1 + 0 + (3 - 6) + 1.
-1
Evaluate 3 + -7 - (1 + -1).
-4
Evaluate 1 + 1 + (-2 - -2).
2
Calculate 14 + -5 + 0 + -2.
7
Evaluate (-2 - -7) + (3 - 5).
3
Calculate (-2 - -4 - -3) + 0.
5
Calculate (3 - -3) + -3 - 2.
1
Calculate (1 - (6 - 0)) + 6.
1
What is the value of -8 + 3 + 8 + (4 - 7)?
0
What is the value of -11 + 6 + 8 + -8 + 3?
-2
What is -8 - -5 - -8 - 7?
-2
(-11 + 21 - 10) + 2
2
What is the value of 8 - (-3 + 1 - -5)?
5
Evaluate 6 + -1 + 0 + -4.
1
4 - 1 - 5 - (-3 + 1)
0
-3 - 2 - ((5 - 7) + -3)
0
What is the value of 0 - (1 + 0 - 3)?
2
What is (1 - 6 - -3) + -2?
-4
Calculate -12 - -17 - (12 + -1).
-6
Evaluate 2 + -9 - -2 - (2 - 3).
-4
Calculate -4 - 1 - -1 - (-26 - -22).
0
Calculate -3 + (6 - -1 - (-1 - -2)).
3
Evaluate 0 + 10 - (-30 + 39).
1
Calculate -2 - (92 + -88 + -4 + -1).
-1
What is -1 + (-1 - -3 - 4)?
-3
-27 + 26 - (-3 + -1 + -2)
5
6 - (-3 + (-1 - -2) + 3)
5
5 + -1 - (17 - 18)
5
What is 5 - (-2 + 2) - 7?
-2
What is 2 + 1 + (1 - 0)?
4
What is 4 + -9 + -6 + 11?
0
-3 + -1 + 5 + 1 - 2
0
-1 + 2 + (-8 - (3 + -9))
-1
Calculate 1 - (4 - 1 - 2).
0
Evaluate -3 + -2 + 9 + 0.
4
What is 0 + 5 + (4 - 20)?
-11
What is 2 + (5 + -1 - 5) + 6?
7
What is the value of -3 - -1 - -1 - (-2 + -3)?
4
What is the value of -8 + 5 + 3 - -1?
1
-1 - (6 - (-4 - -10))
-1
Evaluate -7 + (5 - (-4 - -4)).
-2
What is 0 - 0 - (-3 - 0)?
3
What is (-1 - 0 - 4) + 1?
-4
What is the value of 2 - (0 - (3 - (2 - -8)